ond derivative of t**5/120 + 5*t**4/12 + 13*t**3/2 + 40*t. Let f(y) be the second derivative of u(y). Calculate f(0).
10
Let d be 1/(2/4) + -8. Let j(u) = 13*u**3 + 10*u**2 - 3*u - 6. Let n(f) = -7*f**3 - 5*f**2 + f + 3. Let w(k) = 6*j(k) + 11*n(k). Calculate w(d).
3
Let a(i) = -6 - 5 - 4*i + 3*i. Determine a(-8).
-3
Suppose 4*m + 3*f + 11 = 36, -5*f = m - 2. Suppose -4*k + j = -44, -18 = k - 2*k + 2*j. Let p(z) = -2*z**3 + 9 + 3*z**3 - 3*z + m*z**2 + k*z. What is p(-6)?
3
Suppose 0 = -5*t + t - 3*q + 8, 0 = 4*q. Let h(d) = 2 - d**2 + t - 3 + 9*d - 7. Determine h(8).
2
Let d(m) = -7*m + 10. Let b(l) = -6*l + 9. Let c(z) = -9*b(z) + 8*d(z). Calculate c(-10).
19
Let g(t) = 3*t**2 - 16*t - 93. Let c be g(9). Let k(o) = o**3 - 4*o**2 - 7*o + 1. Give k(c).
31
Let s be 114/27 + (-4)/18. Let l(i) be the third derivative of i**5/60 - i**4/6 + 5*i**2 + 3. Calculate l(s).
0
Let b(a) = -a**3 - a**2. Suppose 0 = -4*t + 2*j + 34, -5*t + j + 37 = 4*j. Let w be (-4)/5*(3 + (-4)/t). Determine b(w).
4
Let s(f) be the first derivative of -5*f**2/2 - 4*f + 638. Calculate s(2).
-14
Suppose 0*s - 5*s = 4*n - 7, -7 = -2*s - 3*n. Let q(d) = -1. Let a(x) = 2*x + 8. Let h(i) = s*a(i) - q(i). What is h(6)?
-19
Let q(z) = z**2 + z + 2. Suppose x + 2*i + 9 = 0, -5*i + 12 = -4*x - 7*i. Determine q(x).
2
Suppose 466*d - 464*d - 2 = 0. Let o(p) be the first derivative of 2*p**2 - 2. Calculate o(d).
4
Let d(c) = -5*c - 2. Let k(o) = o - 8. Let j be ((-6)/5)/(6/(-30)). Let q be k(j). Calculate d(q).
8
Let j(w) = -w**2 + 7. Let v = 251 - 251. Give j(v).
7
Suppose y + 1 = 5. Let g be y/24 - (-58)/12. Let n(w) = w**3 - 5*w**2 - 2*w + 7. Give n(g).
-3
Suppose -m - 4*u = -1, 8*m + 2*u = 13*m + 39. Let t(d) = -d - 15. What is t(m)?
-8
Let h(q) be the third derivative of 0*q**4 + 0 + 31*q**2 + 0*q - 1/6*q**3 - 11/30*q**5. What is h(-1)?
-23
Let d(t) be the second derivative of t**3/6 - 3*t**2/2 + 10*t. Let c(g) = 2*g - 9. Let f be c(6). Determine d(f).
0
Let m(o) = -5*o**2 + 2*o - 2. Let w(t) = -4*t**2 + t - 2. Let c(y) = -3*m(y) + 4*w(y). Suppose 0 = l + 4 - 0. Calculate c(l).
-10
Let d = -11 - 48. Let q = d + 55. Let a(h) = -h - 3. Give a(q).
1
Suppose 3*l + 15 = 3*o, 25 = -4*l + 2*o + 3*o. Let i(f) = f + 1. Let z be i(l). Let w(x) = -4*x**2 - x + 1. Determine w(z).
-4
Let r(p) = p**3 + 2*p**2 + 2*p - 1. Let f(q) = 16*q - 2. Let b be f(0). What is r(b)?
-5
Let x(r) = r**3 - 36*r**2 + 42*r - 250. Let u be x(35). Let v(a) be the third derivative of -1/6*a**4 + a**2 + 1/3*a**3 - 1/60*a**5 + 0*a + 0. What is v(u)?
-3
Let p(m) = -m**3 + 5*m**2 + 14*m + 3. Let s be p(7). Let r(n) = 6 - 5 + 3 + n - s. Calculate r(-5).
-4
Let d(r) = -6*r**3 - 1. Suppose 7*h + 3*p = 10*h - 12, 3*h = -5*p - 4. Suppose 4*f + 2*i - h = 0, -4*i = -0*f + 2*f - 10. Calculate d(f).
5
Let f = -1/225 + 77/450. Let z(k) be the third derivative of 1/30*k**5 + 0*k**4 + 4*k**2 + 0 + f*k**3 + 0*k. What is z(-2)?
9
Let z(j) = -j**3 - 1. Let w(a) = 5*a**3 + 7*a**2 + 7. Let p(i) = w(i) + 6*z(i). Determine p(7).
1
Suppose -8*i = 31 - 47. Let d(u) = u**3 + 2*u**2 - 9*u + u**i - 7*u**2 - 4*u**2. Determine d(9).
0
Let t(r) = 15*r**3 + 2*r**2 - 1. Let g(o) = -o**2 + 15*o + 26. Let z be g(12). Let d = 61 - z. Give t(d).
-14
Let d be ((-5)/3)/((-4)/480). Let b(v) = 11 + 2 - v**2 + 1 + 191*v - d*v. Give b(-11).
-8
Let u(r) = 8*r**2 + 6*r**2 - r**2 - 12*r**2 + 2*r. What is u(2)?
8
Let s(a) = -a**3 - 8*a**2 - 9*a - 7. Suppose 5*i - 1 + 16 = 5*o, -5*i = 7*o + 63. What is s(i)?
7
Let x(i) = i**3 + 3*i**2 - 3*i. Let p = 182 + -185. Calculate x(p).
9
Let y(f) = f**3 - 2*f**2 + f + 1. Let g(j) = j**3 - 3*j**2 + 5*j + 6. Let x(l) = -g(l) + 2*y(l). Suppose 0 = -5*k + 28 - 13. Calculate x(k).
5
Let o = 56 + -54. Let w(h) = 4 + 18*h**2 - 6*h - 12*h**o - 7*h**2 + 0*h. What is w(-7)?
-3
Let r be -1 - 59/(-8) - 588/1568. Let g(j) = -j**3 + 3*j**2 + 16*j + 9. Calculate g(r).
-3
Let f(p) = 67 - 4*p**2 - 126 + 8*p + 56 + 2*p**2. What is f(4)?
-3
Let l(y) = -y**2 - 14*y - 12. Suppose 3*r = -5*t - 41, -6*r + 5*t + 65 = -11*r. What is l(r)?
12
Let p(j) = -j**2 - j + 1. Let b = -126 - -123. Calculate p(b).
-5
Let i(q) be the second derivative of -q**5/20 + q**4/4 + q**3/6 - 3*q**2/2 - 103*q. What is i(3)?
0
Suppose -4 = -n - 3*n. Suppose -4*u - n = 11. Let x be 1/((-4)/(-36)) + u. Let i(l) = -l + 5. Calculate i(x).
-1
Let b be (-6)/((-6)/9*3). Let d(x) = 9*x - 4. Let y(o) = -27*o + 11. Let m(s) = b*y(s) + 8*d(s). Give m(-1).
10
Let p(m) = m**2 + 3*m + 4. Let z be 6*(12/(-18) - (1 + -1)). Let v be p(z). Let x(s) = -s**3 + 7*s**2 + 5*s + 8. Calculate x(v).
-16
Let c be 3/9 + 28/6. Let k(f) = -f**3 + 9*f**2 - 4*f - 14. Let x(n) = n**2 - n - 2. Let w(h) = -k(h) + 4*x(h). Determine w(c).
6
Let j(a) = -6*a. Suppose -4*n = u - 1, 6*n + 3*u - 3 = 4*n. Suppose -3*g - 3 + 6 = n. What is j(g)?
-6
Let x(y) = y**2 + 7*y + 3. Let c(m) = m**3 + 3*m**2 + 12*m + 14. Let w be c(-2). Determine x(w).
-3
Let o(m) = m**3 + 7*m**2 + 6*m + 4. Let h be 46/(-5) + 5 - 1/(-5). Give o(h).
28
Let t(b) = -b**3 - 3*b**2 + 2*b + 4. Let l = 600 + -604. Give t(l).
12
Let l be (-37)/7 - 2/(-7). Let h(x) be the first derivative of 4/3*x**3 - 7*x - 3*x**2 - 56 + 1/4*x**4. Determine h(l).
-2
Let f(y) = y - 10. Let a be f(7). Let j(q) be the first derivative of -q**3/3 - 2*q**2 - 23*q + 30. Let i(p) be the first derivative of j(p). What is i(a)?
2
Let b(j) = 2*j**2 - 15*j + 36. Let i be b(4). Let x(q) = -5 - q**3 + 3*q + 8*q**2 - 2*q - 4*q**3 + 4*q**3. Determine x(i).
3
Let s = 3 + 2. Let p(l) = 12 - 14 + 3*l**2 + 8 - 7*l**2 + 5*l**2 - 7*l. Determine p(s).
-4
Suppose 0 = -3*z + 5*w - 11, -z - 3*w + 7 = -8. Let v(k) = -z + 3 + 2 + 3 + k. Determine v(0).
5
Let u(q) = -7*q + 1. Let x = -81 - -86. Suppose 2*r = 4*h - 18, -r + h + 0*h - x = 0. Calculate u(r).
8
Let j(h) = -23*h**2 - 5*h + 7. Let v(m) = -12*m**2 - 3*m + 4. Let n(z) = -3*j(z) + 5*v(z). Let b = 34 - 35. Let x be (2/(-3 - b))/1. What is n(x)?
8
Let z(m) be the third derivative of m**6/120 + 7*m**5/60 + 5*m**4/24 - 2*m**3/3 - 38*m**2 - 2. Calculate z(-4).
24
Let r = -1 - 0. Let t be 4 + r + 0 + -2. Let s = 1 + t. Let w(l) = -2*l**3 + 3*l**2 - l + 2. Determine w(s).
-4
Let w(m) be the second derivative of 5*m**3/6 + m**2 + 4*m. Let q(k) = 5 - 4 + 3*k - 4*k. Let t(x) = -3*q(x) - w(x). Determine t(-4).
3
Let y(p) be the second derivative of -p**6/120 + 7*p**5/60 + p**4/8 + 11*p**3/6 + 27*p**2/2 + 30*p. Let z(m) be the first derivative of y(m). Give z(8).
-29
Let i(u) = -u + 18. Let x be 18/135 - (-444)/45. Give i(x).
8
Let l(o) = -17*o - 101. Let x be l(-7). Let a(z) = z**3 - 16*z**2 - 37*z + 26. Calculate a(x).
8
Let y = -77 + 79. Let a(g) = 243 - g**y - 3*g - 475 + 234. What is a(3)?
-16
Let m(c) = -c**3 - c**2 + c. Suppose 0 = -5*j, 5*j - 8 = z - 9. Give m(z).
-1
Let p(z) = -41*z**2 - 26*z - 12*z + 20*z**2 + 23*z**2 - 43. What is p(20)?
-3
Let m(h) = -h - 3. Suppose 3*n + 10 = -2*n - 4*a, 3*a = -2*n + 3. Let o be n - (-4 + -3 + 4). What is m(o)?
0
Let c(f) = 6 - 127*f - 8 + 129*f. Determine c(-4).
-10
Suppose -4*n - n + 3*o = -4, 0 = 3*o - 6. Let v(f) = 2*f**2 + 7*f + 0*f**2 - n - f**3 + 4*f**2 - 10*f**2. Let p = 5 - 10. Calculate v(p).
-12
Let a be -3 - (3/(-3) + 2). Suppose 0 = -5*t - 0*t + 15. Let v(m) = 2*m + 5 + 3 - 5 - t*m. Give v(a).
7
Suppose 0 = -3*j + 3*f + 18, 4*j + 4*f = -0*f - 16. Let w(q) = -10*q**2 - 5*q**2 + 0*q**2 + 1. What is w(j)?
-14
Let b(d) = 6*d**3 - 5*d**2 - 3*d + 4. Let u(f) = 2*f**3 - f**2 - f + 1. Let p(v) = -b(v) + 2*u(v). Calculate p(2).
-4
Suppose -9 = -0*r - r. Let b(i) be the third derivative of i**4/24 - 11*i**3/6 + 82*i**2. What is b(r)?
-2
Let r(d) = d**2 - 5*d - 3. Let m(w) = -w**3 + 4*w**2 + w - 1. Let k be m(4). Suppose -5*b + 3*g + 8 + 8 = 0, g + 12 = k*b. Give r(b).
-3
Let f be 4 - (-1)/(-1) - 2. Let h(v) = 0*v**2 + v**2 + 10*v**3 - 3*v**3. Give h(f).
8
Let b(c) be the second derivative of c**5/20 + c**4/4 - c**2 + 4022*c. Let v be (2/3)/(2/9). Suppose -f - 4 - 4 = 3*n, 4 = -5*n + v*f. Determine b(n).
2
Let j(r) be the second derivative of -r**5/20 - r**4/2 + r**3/6 + 5*r**2/2 + r. Let s be 4/56*-86 - (-26)/182. What is j(s)?
-1
Let k(x) = x**3 - 7*x**2 + 3*x + 9. Let h(c) = c**3 - 7*c**2 + 2*c + 10. Let n(z) = -3*h(z) + 4*k(z). Determine n(6).
6
Let c(k) be the first derivative of k**2/2 